e o = 7*j + j - 80. Calculate the highest common factor of h and j.
10
Suppose u + 3*l = 10, 4*u + 1 = l + 2. Suppose -s + u = -2. Let w(h) = h**2 + 4*h + 2. Let j be w(-4). Calculate the highest common divisor of j and s.
1
Let a = -181 + 266. Suppose t - 51 = -2*t. Calculate the greatest common divisor of a and t.
17
Suppose 0 = i - 2*a - 23, 3*i - 5*a - 67 = 0. Calculate the greatest common divisor of i and 475.
19
Suppose 2*g = -4*u + 46, 3*u - 5*g = 37 + 4. Let t(c) = -2*c + 53. Let h be t(30). Let v = h + u. What is the greatest common factor of v and 1?
1
Let l = 26 - 20. Suppose l*w = w + 45. What is the highest common divisor of w and 63?
9
Let f = -405 - -625. Calculate the greatest common divisor of 165 and f.
55
Suppose 45*y - 10*y = 20930. What is the greatest common divisor of y and 26?
26
Let j be (5/(-2))/(1*4/(-8)). Suppose j*g - 166 = -11. Suppose -277 = -5*l + 1118. What is the highest common divisor of g and l?
31
Let y be (-18)/(-54)*68*(-78)/(-4). What is the highest common divisor of 65 and y?
13
Let u = -29 - -261. What is the greatest common divisor of u and 8?
8
Let r be 597*-3*3/(-27). Let y = r + -100. Suppose 3*q - 132 = -q. What is the greatest common factor of q and y?
33
Let x be 2*-7*(-1)/2. Suppose -5*g + 30 = 5*u, -7*g + 20 = -3*g + 3*u. Suppose 0 = 2*c, -3 = -3*w + 4*c - g*c. What is the highest common divisor of x and w?
1
Suppose 0 = -m + 133 + 58. Suppose -4*v - m = -5*x, 2*x + 2*v + 148 = 6*x. What is the highest common divisor of x and 385?
35
Let g = -234 - -426. What is the greatest common factor of g and 64?
64
Let a(x) = -6*x + 6. Let u be a(0). Calculate the highest common divisor of u and 26.
2
Let j(g) = -21*g + 3 - 9*g - 3 - 4. Let t be j(-2). Calculate the highest common divisor of 140 and t.
28
Let t = 17 - 8. Suppose d + 76 = -5*w, -7*d + 2*d + w - 484 = 0. Let u = -60 - d. What is the highest common factor of u and t?
9
Let a(o) = -65*o**2 - 2 + o + 126*o**2 - 58*o**2 + 53*o**3. Let b be a(1). Calculate the highest common factor of 165 and b.
55
Suppose -19*y = -15*y - 128. What is the greatest common divisor of 40 and y?
8
Let j(f) = f**3 + 13*f**2 + 14*f + 26. Let v be j(-12). Suppose -5*c + 2*x = -0*x - 178, -3*c = v*x - 110. What is the highest common divisor of 96 and c?
12
Suppose 5*z - 3*o = 349, -9*o - 276 = -4*z - 5*o. What is the greatest common divisor of z and 71?
71
Let k = 1 - -14. Suppose -k = -104*z + 101*z. Calculate the highest common divisor of 25 and z.
5
Let l(k) = -15*k**3 + k**2 + 2*k + 1. Let n be l(-1). Suppose -4*u + 2*i + 104 = 6*i, 5*i + 170 = 5*u. Calculate the greatest common divisor of u and n.
15
Let j = -2933 + 2948. Suppose -7 = -2*u + 143. What is the highest common factor of u and j?
15
Let q = 37 + -15. What is the greatest common factor of q and 66?
22
Let y(i) = 7*i - 2. Let k be y(2). Let f(g) be the first derivative of -5*g**2 - 10*g + 3. Let n be f(-7). What is the greatest common factor of k and n?
12
Suppose -i - 3*o + 106 = 4*i, -12 = -i + 4*o. Suppose 0 = -n - 2*t + i, 5*n + 5*t - 82 = t. Let w = n + -2. What is the highest common divisor of 30 and w?
6
Let a = -443 - -448. What is the greatest common factor of a and 895?
5
Let b(i) = -i**3 + 3*i**2 + 10*i + 5. Let p be b(5). Suppose c - 1 = 5*s - 4, -5*c + p*s = -45. Calculate the greatest common factor of 6 and c.
6
Let n be 0 - 0 - (0 + 0). Let z be (3 + -4)*(n + -10). Suppose 0 = -l - 2*i + z, 4*l + 3*i - 40 = 6*i. Calculate the greatest common factor of 25 and l.
5
Suppose k - 111 = 5*n - 653, 2*k + 544 = 5*n. Calculate the greatest common factor of n and 84.
12
Suppose -h + 3*h = 56. Suppose 531*s = 502*s + 203. What is the greatest common factor of s and h?
7
Suppose 16 = -2*p + 4*w, -p + 7*w = 3*w + 18. Suppose -3*r + 168 = u, -u - p*r + 168 = 3*r. Let f = -25 - -49. Calculate the greatest common factor of f and u.
24
Suppose -58*f - 288 = -70*f. Calculate the greatest common divisor of 3 and f.
3
Let y(b) = 6*b**2 + 8*b + 11. Let x be y(8). Calculate the greatest common factor of x and 27.
27
Suppose 12*j - 7*j = p + 62, 0 = 4*j - 5*p - 37. What is the greatest common factor of 481 and j?
13
Suppose -487 - 59 = -6*v. Suppose 0 = -0*w - w + 3. Let m be -26*(1 - w/2). Calculate the highest common factor of v and m.
13
Suppose 3*i - 2*m = 94, -169 + 71 = -3*i + 4*m. Let v be 1/(-5) - (-5256)/i. Calculate the greatest common divisor of 35 and v.
35
Suppose g + 41 + 0 = 3*o, -2*o + 5*g = -49. What is the highest common factor of 45 and o?
3
Let m be 774 - (6 + 0 - 6). What is the highest common divisor of m and 86?
86
Let y(a) = -44*a - 23*a - 3*a - 2. Let b = 181 + -184. Let v be y(b). What is the greatest common factor of 26 and v?
26
Let x = 188 - 179. Calculate the greatest common divisor of 45 and x.
9
Let c(b) be the third derivative of 13*b**4/12 + b**3/3 + 3*b**2. Let p be c(3). Suppose 5*m = m + p. Calculate the greatest common factor of 160 and m.
20
Let g(l) be the first derivative of l**2 + l**2 - 5*l - 7*l + 5. Let x be g(6). What is the greatest common factor of x and 60?
12
Let h be 95*1 + 2/2. Suppose 0 = 5*m + 2*n + 90, 4*m = 2*n - 54 - 18. Let c be (-228)/m - 2/3. What is the highest common divisor of h and c?
12
Let a be (0 + 1)*4*231. Suppose -h = 1 - 2, -a = -4*b + 4*h. Let g be -5 + 9 + (27 - 2). What is the highest common divisor of b and g?
29
Let z be 6/(-30) + 39/(-5). Let r(t) = -t**3 - 8*t**2 - 2*t + 2. Let m be r(z). Calculate the highest common divisor of 6 and m.
6
Suppose -243 = -15*q + 57. What is the greatest common divisor of q and 210?
10
Let u(w) = -w - 1. Let z be u(-9). Let s = z + 524. Suppose 2*h + 3*j = 372, 0 = 3*h - 0*h - 2*j - s. Calculate the highest common factor of h and 20.
20
Suppose y + s + 23 = 3*y, 0 = 4*s - 4. Let f be -4 + y/(3 - 1). Suppose 3*l = -f*g + 14, -g + 5*l = 2*g - 40. Calculate the greatest common factor of g and 90.
10
Suppose -3*s = 7*s - 7680. Calculate the greatest common factor of s and 24.
24
Let x(t) = -t - 4. Let i be x(-11). Let g = 65 + -44. What is the greatest common factor of i and g?
7
Suppose -19 = -5*d + v, -2*v + 32 = 4*d - 7*v. Suppose d*w + 3*w - 132 = 0. Calculate the greatest common divisor of w and 55.
11
Let q(c) = 2*c**3 - 12*c**2 + 24*c - 12. Let g be q(6). What is the greatest common divisor of 330 and g?
66
Suppose 0 = j, -4*y + j + 28 = -8*y. Let g = -2 - y. Let w = 2 + g. What is the greatest common factor of 28 and w?
7
Let i be 658/(15/25 + (-56)/(-40)). What is the highest common factor of 7 and i?
7
Let c(g) = g**3 + 6*g**2 - 8*g + 2. Let v be c(-7). Suppose 4*u - 123 = -0*w - 3*w, 5*w - 3*u = 234. What is the highest common factor of v and w?
9
Suppose 124 = -2*k - 5*x, 8*x = -k + 3*x - 62. Let j = -54 - k. Calculate the highest common divisor of j and 8.
8
Let q = -92 - -236. What is the highest common divisor of q and 128?
16
Let t be ((-1 - 2)/3)/(3/(-30)). What is the greatest common divisor of t and 470?
10
Let m = 30 - 20. Suppose 2*h - 370 = -4*k - 58, -k + 3*h = -92. What is the greatest common factor of m and k?
10
Let x be 3/((-45)/6)*325. Let l be (-2)/6*(x - -1). Suppose -3*o + 45 = -5*i, 2*o - l = -5*i + 12. What is the greatest common factor of o and 180?
20
Let d(z) = 2*z**2 + 10*z. Let t be d(-9). Let i = 0 + 3. Suppose 2*w - 10 - 1 = 5*k, i*w - k = 23. Calculate the greatest common factor of t and w.
8
Suppose -t - 4 = -3*v, -3*t + 18 = 3*v + 6. Suppose r = -4*r - 5. Let w be r/((-290)/144 + v). Calculate the greatest common factor of w and 9.
9
Let x(q) = q + 0*q**3 + 4*q**2 + 2*q - q**3. Let p be x(-2). Calculate the greatest common factor of 12 and p.
6
Suppose -18*c + 493 = 11*c. Calculate the greatest common divisor of 272 and c.
17
Let j(o) = -o**2 + 8*o. Let t be j(9). Suppose -5*u + b = -b - 7, -u + 3*b - 9 = 0. Let k be 224/u*(-6 - t). Calculate the highest common factor of 28 and k.
28
Let y = -16 + 17. Suppose 0 = 3*f - 4*i - 18, -2*f - 2*i - 1 = y. Suppose 22 = 4*w - 18. Calculate the highest common factor of f and w.
2
Suppose n - 4*o = -0*n + 7, -5*n = 5*o - 35. Calculate the highest common factor of n and 35.
7
Let l(o) = 12*o**2 - 26*o + 32. Let v(q) = 4*q**2 - 9*q + 11. Let a(z) = 6*l(z) - 17*v(z). Let g be a(-5). What is the highest common divisor of 12 a